Let c(g) = y*n(g) - 7*q(g). Determine c(-4).
3
Let p = -2 + 7. Let w(i) = -i - 1. What is w(p)?
-6
Let d = -87 - -83. Let o = -1 + 4. Let a(w) = w - 7. Let m(i) = 2*i - 15. Let g(v) = o*m(v) - 7*a(v). Determine g(d).
8
Suppose -5*a - y - 10 = 0, y = 3*y. Let x(d) = d**3 + 3*d**2 + 2*d + 3. Give x(a).
3
Let a(k) = -5*k - 14. Let c(l) = -14*l - 41. Let w(v) = -17*a(v) + 6*c(v). Determine w(8).
0
Suppose -5*f - 27 = 3*g, 9 = -3*f - 0*f. Let k(o) = o + 9. Calculate k(g).
5
Let z(l) = -l**3 + 4*l**2 + 4*l - 6. Let r(u) = 2*u - 20. Let b be r(12). What is z(b)?
10
Let i(b) = b + b - 4 - b. Suppose 0 = -5*q + 3*s + 7 + 27, 2*q = 5*s + 25. Suppose c - q = -1. Determine i(c).
0
Let i(f) = 21*f + 9. Let r(d) = 2*d + 1. Let q(x) = i(x) - 6*r(x). Give q(-2).
-15
Let l = -1 + 3. Let c(o) be the second derivative of -o**4/6 + 2*o**3/3 - 3*o**2/2 + 2*o. Calculate c(l).
-3
Let d(l) = 1 + 6 - 6 + 3*l. What is d(1)?
4
Let x(q) = -19*q**2 + 5*q + 7. Let d(c) = 9*c**2 - 2*c - 3. Let a(r) = 5*d(r) + 2*x(r). Calculate a(-2).
27
Let o(q) = -q**3 - 7*q**2 - 6*q. Let n(i) = i + 7. Let t be n(-6). Let w be ((-280)/(-15))/(t/(-3)). Let p be w/10 - 12/30. Give o(p).
0
Let z(m) = -m**3 + 2*m**2 - 2*m + 1. Let h(t) = 2*t + 7. Let d be h(-2). What is z(d)?
-14
Let z(o) = 2*o**3 - 4*o**2 + 3*o - 1. Suppose -u - 2*u = 36. Let h = u + 7. Let s = -3 - h. What is z(s)?
5
Let s(g) = -g**3 - 16. Let b be (5 - (-24)/(-5))*0. Calculate s(b).
-16
Let s(v) = v**3 - v**2 - 4. Let w be s(0). Let j(z) = -z - 2. Calculate j(w).
2
Let g(f) = f**2 + 11*f + 11. Let j(b) = -5*b - 5. Let c(t) = -2*g(t) - 5*j(t). Calculate c(3).
-6
Suppose 0 = -o + 2 - 7, -o = q + 8. Let z(g) = -g**3 + g**2 + 4*g + 3. Let a be z(-2). Let f(p) = 6*p**3 + 4 - a*p**3 + 2*p**3 + p + 3*p**2. Determine f(q).
1
Suppose -4*x + 3*i + 34 = 0, 0 = x - i - 5 - 3. Let h be 14/10 - 4/x. Suppose -3*j + 3*t = -6, 2*j - t = -0*t - h. Let d(u) = 2*u**2 + 5*u + 2. Determine d(j).
5
Let m(p) = -p**2 + 6*p - 1. Let x be m(6). Let i be (-9)/(-27)*(x + 1). Let a(k) = -k**3 + k - 7. Give a(i).
-7
Suppose 0*p + 5*p - 10 = 0. Let i(k) = 5*k**2 - 1 - 2*k**2 + 2*k - k**p. Calculate i(-3).
11
Let w(s) = s**2 - 3*s + 7. Let q(d) be the second derivative of d**4/6 - 7*d**3/6 + 7*d**2 - 2*d. Let k = -16 + 11. Let c(z) = k*w(z) + 3*q(z). What is c(5)?
2
Suppose -16*x + 22 = 118. Let m(c) = 5*c**3 + 25*c**2 - 24*c + 11. Let p(y) = y**3 + 5*y**2 - 5*y + 2. Let g(b) = 2*m(b) - 11*p(b). Determine g(x).
-6
Let v(r) be the first derivative of r**2/2 - r + 64. Let l = 5 - 0. What is v(l)?
4
Let u(y) = -3 + 5 + 11 - 8*y. Let c(m) = 23*m - 38. Let w(v) = 23*v - 38. Let b(a) = -3*c(a) + 4*w(a). Let i(j) = 6*b(j) + 17*u(j). Give i(5).
3
Let n(l) = -l + 1. Let t(s) = -s**2 - 4*s + 7. Let o(f) = 6*n(f) - t(f). What is o(-1)?
2
Let d(k) = 7*k + 3 - 5*k**2 - k**2 + 7*k**2. Give d(-5).
-7
Suppose 5*d - d = 8. Let a(l) = -3*l + 3. Let x(s) = -3*s + 3. Let y(m) = d*x(m) - 3*a(m). Determine y(2).
3
Let j(s) be the second derivative of s**7/420 - s**6/120 + s**4/24 - s**3/3 + 3*s. Let t(i) be the second derivative of j(i). Determine t(2).
5
Let s be (4/(-7))/(2/(-14)). Let o(z) = -2 - 4 + z**2 - 6*z + 5. What is o(s)?
-9
Let s be 14/(-2)*(-4 - (3 + -6)). Let x(f) = -f**2 + 5*f + 5. Give x(s).
-9
Let v(i) = i. Suppose 0 = 8*k - 3*k. Let h be v(k). Suppose h = -4*a - a + 5. Let w(m) = -5*m**2 - 1. Give w(a).
-6
Let d(l) = -5*l**2 - 2*l + 2. Let j(o) = 15*o**2 + 5*o - 6. Let i(h) = 11*d(h) + 4*j(h). What is i(2)?
14
Let z(d) = -d**3 - d**2 - 4. Suppose 2*u - 4*u = 0. Calculate z(u).
-4
Let r = -8 - -8. Suppose 0*x - 2*x = 8, 5*j = -x + 11. Let h be r/j + 1 + -2. Let w(f) = 3*f. Determine w(h).
-3
Let o(x) = 6*x + 7 - 4 + 3 - 5. Determine o(-1).
-5
Let f be ((-1)/4)/((4 + -7)/24). Let q(g) be the third derivative of -f*g**2 - 1/24*g**4 + 1/120*g**6 + 0*g + 2/3*g**3 + 0 - 1/15*g**5. Determine q(4).
0
Let r(w) = 8*w**2. Let p(m) = 7*m**2. Suppose 3*k = -k + 16. Let d = 1 - k. Let n(b) = d*p(b) + 2*r(b). What is n(1)?
-5
Suppose 0*w + 24 = 4*w. Let l(r) = 6 + 2 + 4*r - 5*r. Calculate l(w).
2
Let d(s) = -s**3 + 4*s**2 + 13*s + 4. Let h be d(6). Let u(p) = -p**2 + 9*p + 8. What is u(h)?
-2
Let d(q) = q**3 + q. Let h(j) = 4*j**3 - 3*j**2 + 9*j + 3. Let b(t) = -5*d(t) + h(t). Let r = 7 + -9. Let s = r - 2. Determine b(s).
3
Let g(n) = 6*n - 6. Let p(s) = -7*s + 7. Let y(w) = 6*g(w) + 5*p(w). Let f be y(5). Let z be (5/f)/((-2)/8). Let b(v) = -v**2 - 3*v + 5. Calculate b(z).
-5
Let d(k) = k**2 - k + 1. Suppose -3*x + 21 = 4*x. What is d(x)?
7
Let m(i) = -i + 3. Let v be m(4). Let c = 2 + v. Let k(h) = 3*h + 1. Determine k(c).
4
Let p(w) = -w**3 - 5*w**2 - 6*w - 4. Let a = 8 - 5. Suppose -4*x - 13 = a. Give p(x).
4
Let b(q) be the third derivative of -q**4/24 + q**3/2 - 4*q**2. Calculate b(3).
0
Suppose -y + k - 8 = 0, -2*y - y + 5*k - 28 = 0. Let p(v) = -3*v - 7. Calculate p(y).
11
Suppose -y + 7 = -2*x, x = -3*y + 2 - 9. Let i(h) = 14*h**2. Give i(y).
14
Suppose -3*t - 14 = -r, -t = -4*r - r + 14. Suppose 5*g - 19 = 2*g + u, r = u. Let k(l) = 3 - g*l - 1 + 6*l. What is k(2)?
0
Let b = 9 + -9. Let k(m) = -1 + m - 1 + b*m + 0*m. Determine k(5).
3
Let p(d) be the first derivative of -d**4/4 + d**3/3 - d**2/2 + 2*d + 1. Suppose -f = 2*f - 6. What is p(f)?
-4
Let j = 7 - 12. Let b(t) = -7 - 4*t + 4*t**2 - 5*t**2 - 3*t. Calculate b(j).
3
Let d = 0 + 2. Suppose -d = 5*l - 6*l - 3*r, 4*r = l - 2. Let b(s) = 2*s + 5 - l - 1. What is b(-2)?
-2
Suppose -4*j - 4*k = -2*j - 2, -5*j - 3*k = -19. Let s(d) be the third derivative of -d**4/24 + d**3 - d**2. What is s(j)?
1
Let s(k) = -5*k + 4. Let b(p) = -p. Let o(r) = 6*b(r) - s(r). Let y(z) = 2*z**2 - 18*z + 11. Suppose -16 = 2*v - 4*v. Let d be y(v). Determine o(d).
1
Suppose -k + 0 + 3 = 0. Suppose -4*r = -2*m - 1 - 7, 2*m = k*r - 6. Let q(j) = 2*j**2 + 3*j + 2 + 2*j**2 + m*j**3 + 2*j**3. Calculate q(-2).
-4
Let d(g) be the first derivative of -g**3/3 + 3*g**2 - 3*g - 5. Calculate d(2).
5
Suppose -5*r = 2*j - 13, 0 = 5*j - 0*r + 2*r - 22. Let t(v) = v - 2. Give t(j).
2
Let k(l) = -9*l**2 + 46 - 2*l + 4*l**2 + l**3 - 39 - 2*l. Give k(6).
19
Let u(a) be the second derivative of -a**5/20 + a**4/4 + 5*a**3/6 - a. Let m be u(4). Let s(q) = -q**3 + 5*q**2 - 4*q - 4. Calculate s(m).
-4
Let o(m) = 3*m**2 - 2*m - 1. Let l be 2/10 - 2/10. Let a = l - 1. Give o(a).
4
Let y(p) = 2*p**2 - 2*p + 6. Let s(u) = -3*u**2 + 3*u - 6. Let c(o) = -3*s(o) - 4*y(o). Determine c(0).
-6
Let y(s) = 38*s - 17. Let k(p) = 4*p - 2. Let j be k(2). Let u(l) = -13*l + 6. Let m(i) = j*y(i) + 17*u(i). Calculate m(1).
7
Let m(h) be the second derivative of -h**4/12 + h**2/2 + 11*h. Let u be (8 - 2)*(-2)/(-3). Suppose -q - 8 = -f + u*f, 2*q + f + 1 = 0. Determine m(q).
0
Let b(f) be the third derivative of f**5/60 - f**4/4 + f**3/6 + f**2. Suppose -2*t = -3*d - 20, -4*t - 5*d + 0 - 4 = 0. Determine b(t).
-7
Suppose -4*w = v + 8, -2*w + 4*v - v + 10 = 0. Let o(s) = -3690*s + 3690*s - 3*s**2. Determine o(w).
-3
Let t(v) = v - 9. Suppose 4*y - 138 = 2*i, -13 = y + 3*i - 44. Let z be 2/(-2*2/y). Let b be 2/(-8) + z/(-4). Give t(b).
-5
Let c be (-112)/(-3) - 8/24. Suppose -c = -5*w + 48. Suppose 0 = -3*g + 2*r + w, 5*g = 3*g + 4*r + 22. Let l(p) = -p**3 + 3*p**2 - p + 1. What is l(g)?
-2
Let h(g) = -g + g**2 - 16*g + 9*g + 6 + 0*g**2. Give h(7).
-1
Let v(b) = b - 3. Suppose 0 = -2*c - 2*p - 2, 2*p + 0 + 6 = 0. Give v(c).
-1
Let d(v) = v - 2. Let g be d(4). Let i(h) = -4*h - 2*h**g - 2 + 0*h**2 - 5 + h**3 + 10. Calculate i(3).
0
Let j(i) = -2 - 1 + 161*i - 160*i. Give j(3).
0
Let q be (-6)/((-2 - 2) + 12 + -6). Let i(p) = -p**2 + p - 3. What is i(q)?
-15
Let g(d) = d. Let a(u) = u - 2. Let v be a(4). Let b be (4 - -2)/(0 - v). Determine g(b).
-3
Let g(s) be the second derivative of s**3/6 + 5*s**2 + 16*s. Determine g(-10).
0
Let v(n) be the first derivative of -n**4/4 + n**3 + 7*n**2/2 - 6*n + 13. Give v(4).
6
Let v(h) be the first derivative of h - 1/3*h**3 + 5/2*h**4 + 1/2*h**2 - 9. Give v(-1).
-11
Let n(x) = -x**2 - x. Let r(m) = m**3 + 7*m**2 + 3*m + 9. Let s(p) = -n(p) - r(p). Determine s(-6).
3
Let b(p) = 2*p + 14. Let f be b(-9). Let t(j) be the second derivative of j**4/6 + 5*j**3/6 - 2*j**2 - j. Determine t(f).
8
Let o be 10*((-15)/6 + 3). Let r(v) = v**2 - 6*v - 3